ors of x.
2, 3, 7
What are the prime factors of (-126993)/(-14) - (-2)/28?
47, 193
Let x be ((-7)/6)/((-4)/24). Suppose -13*t + 71 + x = 0. Suppose t*z - 7*z - 591 = -3*g, g + z = 201. List the prime factors of g.
2, 3, 11
Suppose -29 = -2*m + 3*k, -m + 3*k + 10 = -0. Suppose 26785 = m*n - 1601. What are the prime factors of n?
2, 3, 83
Let f = -14446 + 40643. List the prime factors of f.
17, 23, 67
Suppose -4*h - 93 - 47 = 0. List the prime factors of (-15)/h + (-6829)/(-7).
2, 61
Let u = -5075 - -16056. List the prime factors of u.
79, 139
Let z(g) = g**2 + 6*g + 9. Let x be z(-8). Suppose -5*c = -2*b - 5 - 55, 2*c - b = x. Suppose -c = 2*k, -4*q + k + 222 = -k. What are the prime factors of q?
53
Suppose 125*r - 123*r - 2 = 0. Let a(l) be the second derivative of 83*l**3/6 + l**2/2 - 2*l. List the prime factors of a(r).
2, 3, 7
Let r be (59/2)/(1/2). Suppose 2*t + 2*w - 15 - 13 = 0, -4*t - w = -r. What are the prime factors of ((-4)/t)/2 + 9535/75?
127
List the prime factors of (-2)/(-3)*(-311274)/(-6).
2, 17293
Let h(s) be the third derivative of -s**7/5040 - 11*s**5/60 + 5*s**2. Let u(q) be the third derivative of h(q). What are the prime factors of u(-3)?
3
Suppose -2*n + 20667 = -5*a + 5254, n = 4*a + 7702. What are the prime factors of n?
2, 7, 19, 29
Suppose 3*y - 29025 = -3*o, -15 = -2*y - 7. List the prime factors of o.
19, 509
Suppose 3*b - 1242 = -3*z + 108, 0 = 3*z. Suppose h = 4*h + b. Let l = 278 + h. What are the prime factors of l?
2
Suppose 21*w = -22*w - 8299. Let k = w - -1076. List the prime factors of k.
883
Let a(h) = -h**3 - 3*h**2 + 19*h - 6. Let l be a(-6). Let n(c) = -2*c**3 - 24*c**2 + 5*c + 5. Let k be n(l). Let x = k - -93. List the prime factors of x.
2, 19
Suppose -4*o = 4*t - 1224, -3*o + 4*o = t - 304. Let g = 374 + t. What are the prime factors of g?
7, 97
Let n = 120 + -120. Suppose 6*x - 11*x + 2345 = n. List the prime factors of x.
7, 67
Let n(f) = f**3 + 13*f**2 + 6*f - 17. Let j be n(-12). Suppose 2*q = -33 + j. Suppose q*x - 6*x = -p + 452, 4*p = 5*x - 467. List the prime factors of x.
7, 13
Suppose 0 = 4*k - 3*n - 13508, 0 = -n - 3 + 7. What are the prime factors of k?
2, 5, 13
Suppose -8*p - 4087 - 20305 = 0. Let v = -2173 - p. List the prime factors of v.
2, 3, 73
Let m = -20 + 20. Suppose m*u = -5*u + 15. Suppose 488 + 1 = 5*k + u*w, 3*k = 5*w + 273. List the prime factors of k.
2, 3
Suppose -6*n - 133 = -5*h - 3*n, 0 = n - 4. Let g(m) = 13*m - 21. List the prime factors of g(h).
2, 89
Let d(z) = 3*z**2 + 9*z - 2*z - 32*z - 11*z + 19. List the prime factors of d(14).
103
Let v(z) = 15*z - 34. Let c(m) = -7*m + 17. Let w(h) = 5*c(h) + 2*v(h). Let a be w(19). Let t = a + 116. List the prime factors of t.
2, 19
Let y = 57 + 74. Let m = 32 + y. What are the prime factors of m?
163
Let z = 60 + -30. Let f = 42 - z. Let r(v) = -v**3 + 13*v**2 + 10*v + 3. What are the prime factors of r(f)?
3, 89
Suppose -5*w - 645 = -75. Let u be (w/(-8))/((-3)/8). Let g = 49 - u. What are the prime factors of g?
3, 29
Let t(v) = v**3 + v**2 + 22*v - 8*v**2 + 22*v**2 + 17 - 4*v. Let s be t(-14). Let x = s - -85. List the prime factors of x.
2, 23
Suppose 0*p = 2*p - 8*g - 96512, 5*p - g - 241147 = 0. What are the prime factors of p?
2, 3, 4019
Suppose 16*l + 5*l - 84 = 0. What are the prime factors of 4 - (-2)/(l/2514)?
13, 97
List the prime factors of ((-4644)/(-20) + -10)*15.
3, 11, 101
Suppose -c = 2*c - 6, -4*a = -c - 7334. Suppose 7*f - a = 644. List the prime factors of f.
2, 3, 59
Let l(u) = 332*u**2 + 10*u - 53. List the prime factors of l(-10).
7, 4721
Suppose l + 5*t - 867 = 159, 3*l = 4*t + 3116. Suppose -l = -17*p + 1327. List the prime factors of p.
139
Let r = -52 + 58. What are the prime factors of 2/(r/10 + 1533/(-2580))?
2, 43
Let j be (1 - 7) + (1 - -2). Let z(y) = 10*y + 4. Let p be z(3). Let x = p + j. List the prime factors of x.
31
Suppose -82775 = -3*l + v, 845*v - 848*v = 3*l - 82803. List the prime factors of l.
2, 3, 7, 73
Let h(c) = 2*c. Let k be h(4). Let n = -279 - -307. Let u = n + k. List the prime factors of u.
2, 3
Let w be 2/(-15) - 602/(-15). Suppose -w*u + 44*u = 336. What are the prime factors of u?
2, 3, 7
Let h = 27 + -11. Suppose -h*w = -14*w - 12. List the prime factors of w + (-1)/(1/4).
2
Suppose 17146 + 32114 = 30*z. List the prime factors of z.
2, 821
Let x(o) = o**3 + 10*o**2 - 8*o + 12. Suppose -5*v = -5*h - 30, 5*v + 22 = -5*h - 48. Let m be x(h). Suppose 2*n - m = -2*n. List the prime factors of n.
23
Let d = 303 + -298. Let c = 57 - 55. Suppose -36 = -c*l + d*b, -2*l + 2*b - 27 = -3*l. List the prime factors of l.
23
What are the prime factors of 55205 + (-31)/((-186)/90)?
2, 5, 11, 251
Suppose 4*g - 87375 = 5*s, 0 = 13*g - 15*g + 4*s + 43692. What are the prime factors of g?
2, 3, 5, 7, 13
Suppose 4*g = 24*g + 9*g - 1521253. What are the prime factors of g?
52457
Suppose 0 = 4*a + 1719 - 555. List the prime factors of (32/12)/((-2)/a + 0).
2, 97
Let w(k) = -223 - 2*k + 3*k + 218. Let t be w(5). Suppose 3*d + 5*p - 461 = t, 2*d + 3*d = -4*p + 751. List the prime factors of d.
3, 7
Let w = 54242 + -21244. What are the prime factors of w?
2, 7, 2357
Let u = -300 + 300. Suppose -2*w + 0*f + 4*f + 1310 = u, w = -4*f + 637. What are the prime factors of w?
11, 59
Let v(c) be the second derivative of 5*c**4/6 - 2*c**3/3 - c**2 - 9*c. Let k be v(-1). Suppose -k + 18 = 3*p. What are the prime factors of p?
2
Let o(s) = -2483*s - 1357. List the prime factors of o(-8).
3, 31, 199
Let n(y) = 6349*y**2 + 34*y + 35. What are the prime factors of n(-1)?
2, 5, 127
Let z(x) = 29*x**3 + x**2 - 1. Let k be z(3). Let s = k - 404. Suppose -2*m + 87 = o, -3*m = 4*o - 8*m - s. List the prime factors of o.
3, 31
Suppose -99434 = -7*y - 9848. What are the prime factors of y?
2, 3, 79
Let d = -554 + -158. Let t = d + 1668. What are the prime factors of t?
2, 239
Let s = 176 - 175. Let r(u) = 648*u**3 + 2*u**2 - 2*u. What are the prime factors of r(s)?
2, 3
Suppose -1003*h + 959*h + 778008 = 0. List the prime factors of h.
2, 3, 7, 421
Let o(v) = 5*v**2 - 8*v - 2. Let h be o(2). Let a be (741/12)/((-17)/(-8) - h). Let r = a - 351. List the prime factors of r.
11, 13
Let y(r) = 2*r**3 - 34*r**2 - r + 23. Let g be y(17). List the prime factors of (6198/10 + 5)*15/g.
2, 11, 71
What are the prime factors of 3/4 + 0 + (14 - (-555893)/52)?
5, 2141
Let v = -6267 - -29815. What are the prime factors of v?
2, 7, 29
Let k be (6 + -1)/((-16)/(-12) - 1). Let p(q) = q**2 - 14*q - 9. Let w be p(k). List the prime factors of (w/(-4))/((-1)/72).
2, 3
Let a = -515 - -2739. List the prime factors of a.
2, 139
Suppose 157380 = 34*d - 310222. What are the prime factors of d?
17, 809
Let v be 0 - (22 - (0 + 3 + -1)). Let h = -23 - v. What are the prime factors of h/(-6)*(-3 + (-3 - -24))?
3
Suppose -2*d + 2*i = -3*i - 805, -3*d = i - 1250. Suppose -d = -11*q + 16*q. Let k = q - -286. What are the prime factors of k?
7, 29
Suppose -469*k = -351*k - 6830784. List the prime factors of k.
2, 3, 67
Let t(i) = 3*i**2 + 9*i - 27. Let f be t(-5). Suppose 3*v + 4*j = -45 + 637, 2*v - 4*j = 388. Suppose -f*g = -v - 62. List the prime factors of g.
2, 43
Suppose 7*x + 2160 - 30061 = 100878. List the prime factors of x.
18397
Let d(b) = -22*b**3 - 15*b**2 - 16*b + 125. What are the prime factors of d(-6)?
11, 13, 31
Let k(f) = 228*f - 9 - 7 + 20. Let r be k(1). Let z = r + -110. What are the prime factors of z?
2, 61
Suppose -5*s = -3*k - 9*s + 100, -65 = -2*k - s. Suppose -62*o + 41370 = -k*o. List the prime factors of o.
7, 197
Let a be 3/(3/10)*-2. Suppose 8*p - 6*p = y + 11, -3*y - 4*p = 3. What are the prime factors of y/a + 379/4?
5, 19
Let s be (-3)/(-6*(-1)/(-40))*-1. List the prime factors of ((-15)/s)/(4/1840).
3, 5, 23
Let w be -2 + 6/2 + 20. Let c be 158/2 + (23 - w). Suppose -b + t = -c, 4*t + 102 = -4*b + 466. What are the prime factors of b?
2, 43
Let t = 42394 + -21557. What are the prime factors of t?
67, 311
Let i(y) = 3*y**2 + 22*y - 8. Suppose -d = 4*d + 15, -4*d - 18 = 3*b. Let n be ((-3)/(9/4) - b)*-15. What are the prime factors of i(n)?
2, 3
Let z(h) = 18031*h + 7. Let a be z(-4). List the prime factors of a/(-189) + (-8)/14.
3, 127
Let t be (20/6)/((-430)/(-1548)). Suppose 0 = -5*k + 2 + 8. Suppose -